{"id":2,"date":"2014-08-25T19:46:42","date_gmt":"2014-08-25T19:46:42","guid":{"rendered":"http:\/\/xn--hme-qla.fi\/?page_id=2"},"modified":"2016-05-31T08:35:08","modified_gmt":"2016-05-31T05:35:08","slug":"esimerkkisivu","status":"publish","type":"page","link":"https:\/\/xn--hme-qla.fi\/","title":{"rendered":"Etusivu"},"content":{"rendered":"<section id=\"builder-section-1409031861723\" class=\"builder-section builder-section-first builder-section-text builder-section-last builder-text-columns-3\" style=\"\">\n<h3 class=\"builder-text-section-title\">\n\t\tEtusivu\t<\/h3>\n<div class=\"builder-section-content\">\n<div class=\"builder-text-column builder-text-column-1\" id=\"builder-section-1409031861723-column-1\">\n<h3 class=\"builder-text-title\">\n\t\t\t\tTervetuloa H\u00e4meeseen\t\t\t<\/h3>\n<div class=\"builder-text-content\">\n<p><a href=\"http:\/\/www.hame.fi\">H\u00e4me-portaali<\/a><\/p>\n<p><a href=\"http:\/\/hameenliitto.fi\/\">H\u00e4meen liitto<\/a><\/p>\n<p><a href=\"http:\/\/www.yrittajat.fi\/hameenyrittajat\">H\u00e4meen Yritt\u00e4j\u00e4t<\/a><\/p>\n<p>\u00a0<\/p>\n<p><a href=\"http:\/\/www.h\u00e4meenyritysp\u00f6rssi.fi\">H\u00e4meen Yritysp\u00f6rssi<\/a><\/p>\n<p><a href=\"http:\/\/synergia.yrittajat.fi\/\">Yrityshaku (Synergia)<\/a><\/p>\n<p>\u00a0<\/p>\n<p><a href=\"http:\/\/www.hamk.fi\">H\u00e4meen Ammattikorkeakoulu<\/a><\/p>\n<p><a href=\"http:\/\/www.syo.fi\/\">Suomen Yritt\u00e4j\u00e4opisto &#8211; H\u00e4me<\/a><\/p>\n<p>\u00a0<\/p>\n<p><a href=\"http:\/\/yle.fi\/uutiset\/hame\/\">Yle H\u00e4me<\/a><\/p>\n<p><a href=\"http:\/\/www.hameenyrityssanomat.fi\">H\u00e4meen Yrityssanomat<\/a><\/p>\n<\/p><\/div>\n<\/p><\/div>\n<div class=\"builder-text-column builder-text-column-2\" id=\"builder-section-1409031861723-column-2\">\n<div class=\"builder-text-content\">\n<style>\nh3.hungryfeed_feed_title {}\r\ndiv.hungryfeed_feed_description {}\r\ndiv.hungryfeed_feed_content {}\r\ndiv.hungryfeed_items {}\r\ndiv.hungryfeed_item {margin-bottom: 10px;}\r\ndiv.hungryfeed_item_title {font-weight: bold;}\r\ndiv.hungryfeed_item_description {}\r\ndiv.hungryfeed_item_author {}\r\ndiv.hungryfeed_item_date {}\n<\/style>\n<script type=\"text\/javascript\">\r\n\/\/ Custom Javascript here...\r\n<\/script>\n<div style=\"margin:5px 0px 5px 0px;padding:10px;border: solid 1px red; background-color: #ff6666; color: black;\">\r\nHungryFEED can't get feed.  Don't be mad at HungryFEED. SimplePie reported: cURL error 22: The requested URL returned error: 404\r\n<\/div>\n<\/p><\/div>\n<\/p><\/div>\n<div class=\"builder-text-column builder-text-column-3\" id=\"builder-section-1409031861723-column-3\">\n<div class=\"builder-text-content\">\n<style>\nh3.hungryfeed_feed_title {}\r\ndiv.hungryfeed_feed_description {}\r\ndiv.hungryfeed_feed_content {}\r\ndiv.hungryfeed_items {}\r\ndiv.hungryfeed_item {margin-bottom: 10px;}\r\ndiv.hungryfeed_item_title {font-weight: bold;}\r\ndiv.hungryfeed_item_description {}\r\ndiv.hungryfeed_item_author {}\r\ndiv.hungryfeed_item_date {}\n<\/style>\n<script type=\"text\/javascript\">\r\n\/\/ Custom Javascript here...\r\n<\/script>\n<h3 class=\"hungryfeed_feed_title\">Yle Uutiset | Tuoreimmat uutiset<\/h3>\n<p class=\"hungryfeed_feed_description\">Yle Uutiset | Tuoreimmat uutiset<\/p>\n<div class=\"hungryfeed_items\">\n<div class=\"hungryfeed_item\">\r\n<h4><a href=\"https:\/\/yle.fi\/a\/74-20224807?origin=rss\" style=\"font-size: 20px;line-height: 1;\" target=\"_blank\">Suomessa on kohta vain yksi avovankila naisille \u2013 tilanne voi vaarantaa jopa turvallisuuden, arvioi asiantuntija<\/a><\/h4>\r\n<div>Posted: May 15, 2026, 4:49 am<\/div>\r\n<\/div><div class=\"hungryfeed_item\">\r\n<h4><a href=\"https:\/\/yle.fi\/a\/74-20225853?origin=rss\" style=\"font-size: 20px;line-height: 1;\" target=\"_blank\">Kanta-H\u00e4meen ja Pirkanmaan hyvinvointi\u00adalueet varautuvat muun muassa terrorismi\u00aduhkiin \u2013 EU-rahalla erikoiskalustoa<\/a><\/h4>\r\n<div>Posted: May 13, 2026, 11:45 am<\/div>\r\n<\/div><div class=\"hungryfeed_item\">\r\n<h4><a href=\"https:\/\/yle.fi\/a\/74-20225285?origin=rss\" style=\"font-size: 20px;line-height: 1;\" target=\"_blank\">Lakean konkurssitalon asukkaat saivat ostettua kotinsa Turussa \u2013 kyseess\u00e4 ensimm\u00e4inen asukkaiden pelastama taloyhti\u00f6<\/a><\/h4>\r\n<div>Posted: May 11, 2026, 11:03 am<\/div>\r\n<\/div><div class=\"hungryfeed_item\">\r\n<h4><a href=\"https:\/\/yle.fi\/a\/74-20222542?origin=rss\" style=\"font-size: 20px;line-height: 1;\" target=\"_blank\">Antti Laitisen risupalloa piti pakastaa 40 asteen pakkasessa ennen p\u00e4\u00e4sy\u00e4 H\u00e4meenlinnan taidemuseoon<\/a><\/h4>\r\n<div>Posted: May 8, 2026, 8:47 am<\/div>\r\n<\/div><\/div>\n\n<\/p><\/div>\n<\/p><\/div>\n<\/p><\/div>\n<\/section>\n","protected":false},"excerpt":{"rendered":"<p>Etusivu Tervetuloa H\u00e4meeseen H\u00e4me-portaali H\u00e4meen liitto H\u00e4meen Yritt\u00e4j\u00e4t \u00a0 H\u00e4meen Yritysp\u00f6rssi Yrityshaku (Synergia) \u00a0 H\u00e4meen Ammattikorkeakoulu Suomen Yritt\u00e4j\u00e4opisto &#8211; H\u00e4me \u00a0 Yle H\u00e4me H\u00e4meen Yrityssanomat<\/p>\n","protected":false},"author":1,"featured_media":0,"parent":0,"menu_order":0,"comment_status":"closed","ping_status":"closed","template":"template-builder.php","meta":[],"_links":{"self":[{"href":"https:\/\/xn--hme-qla.fi\/index.php?rest_route=\/wp\/v2\/pages\/2"}],"collection":[{"href":"https:\/\/xn--hme-qla.fi\/index.php?rest_route=\/wp\/v2\/pages"}],"about":[{"href":"https:\/\/xn--hme-qla.fi\/index.php?rest_route=\/wp\/v2\/types\/page"}],"author":[{"embeddable":true,"href":"https:\/\/xn--hme-qla.fi\/index.php?rest_route=\/wp\/v2\/users\/1"}],"replies":[{"embeddable":true,"href":"https:\/\/xn--hme-qla.fi\/index.php?rest_route=%2Fwp%2Fv2%2Fcomments&post=2"}],"version-history":[{"count":18,"href":"https:\/\/xn--hme-qla.fi\/index.php?rest_route=\/wp\/v2\/pages\/2\/revisions"}],"predecessor-version":[{"id":25,"href":"https:\/\/xn--hme-qla.fi\/index.php?rest_route=\/wp\/v2\/pages\/2\/revisions\/25"}],"wp:attachment":[{"href":"https:\/\/xn--hme-qla.fi\/index.php?rest_route=%2Fwp%2Fv2%2Fmedia&parent=2"}],"curies":[{"name":"wp","href":"https:\/\/api.w.org\/{rel}","templated":true}]}}